{"id":31,"date":"2023-04-08T00:31:21","date_gmt":"2023-04-08T00:31:21","guid":{"rendered":"https:\/\/crtecnica.com\/demoinstitucion\/?page_id=31"},"modified":"2024-09-08T18:08:28","modified_gmt":"2024-09-09T00:08:28","slug":"inicio","status":"publish","type":"page","link":"https:\/\/crtecnica.com\/demoinstitucion\/","title":{"rendered":"Inicio"},"content":{"rendered":"\n\n\t\t\t\t<img loading=\"lazy\" decoding=\"async\" src=\"https:\/\/crtecnica.com\/demoinstitucion\/wp-content\/uploads\/sites\/15\/2024\/07\/Banner-sitio-demo.webp\" alt=\"Banner sitio demo\" itemprop=\"image\" height=\"219\" width=\"2025\" title=\"Banner sitio demo\" onerror=\"this.style.display='none'\"  \/>\n<h2>\n\t\tSE HAN ELIMINADO EN ESTE DEMO, TODAS LAS RESTRICCIONES DE USUARIOS Y CONTRASE\u00d1AS\n\t<\/h2>\n\t\t<img decoding=\"async\" src=\"https:\/\/crtecnica.com\/demoinstitucion\/wp-content\/uploads\/sites\/15\/2024\/07\/estudiantes-3.webp\"\/>\n\t\t\t\t\t\t\t\t\t<ul id=\"menu-estudiantes\"><li id=\"menu-item-2781\"><a href=\"https:\/\/crtecnica.com\/demoinstitucion\/\">Inicio<\/a><\/li>\n<li id=\"menu-item-2784\"><a href=\"https:\/\/crtecnica.com\/demoinstitucion\/actualizar-expediente-estudiante\/\">ACTUALIZAR: EXPEDIENTE ESTUDIANTIL<\/a><\/li>\n<li id=\"menu-item-4481\"><a href=\"https:\/\/crtecnica.com\/demoinstitucion\/padres-consultar-alertas\/\">Padres: Consultar Alertas<\/a><\/li>\n<li id=\"menu-item-4482\"><a href=\"https:\/\/crtecnica.com\/demoinstitucion\/padres-consultar-ausentismo\/\">Padres: Consultar ausentismo<\/a><\/li>\n<\/ul>\t\t\t\t\t\t\n\t\t\t\t<img decoding=\"async\" src=\"https:\/\/crtecnica.com\/demoinstitucion\/wp-content\/uploads\/sites\/15\/2024\/07\/Docentes-4.webp\"\/>\n\t\t\t\t\t\t\t\t\t<ul id=\"menu-plan-modular\"><li id=\"menu-item-2820\"><a href=\"https:\/\/crtecnica.com\/demoinstitucion\/matricular-en-grupos\/\">INCLUIR ESTUDIANTES EN GRUPOS<\/a><\/li>\n<li id=\"menu-item-2821\"><a href=\"https:\/\/crtecnica.com\/demoinstitucion\/reportar-ausencias\/\">REPORTAR AUSENCIAS<\/a><\/li>\n<li id=\"menu-item-2823\"><a href=\"https:\/\/crtecnica.com\/demoinstitucion\/matricula-por-estudiante\/\">CONSULTA DE LISTAS<\/a><\/li>\n<li id=\"menu-item-2819\"><a href=\"https:\/\/crtecnica.com\/demoinstitucion\/reporte-de-incidente\/\">REPORTE PREVENTIVO (INCIDENTE)<\/a><\/li>\n<li id=\"menu-item-2824\"><a href=\"https:\/\/crtecnica.com\/demoinstitucion\/consulta-docente-expediente-actu\/\">CONSULTA:EXPEDIENTES ACTUALIZADOS<\/a><\/li>\n<li id=\"menu-item-4130\"><a href=\"https:\/\/crtecnica.com\/demoinstitucion\/docenteslistados-grupos\/\">LISTAS DE GRUPOS<\/a><\/li>\n<li id=\"menu-item-4521\"><a href=\"https:\/\/crtecnica.com\/demoinstitucion\/consultar-ausentismo\/\">CONSULTAR AUSENCIAS<\/a><\/li>\n<li id=\"menu-item-4145\" aria-haspopup=\"true\"><a href=\"#\">&#8212;&#8211;UPRE\/EPI&#8212;&#8211;<\/a>\n<ul>\n\t<li id=\"menu-item-2815\"><a href=\"https:\/\/crtecnica.com\/demoinstitucion\/crear-alerta-temprana\/\">CREAR: ALERTA TEMPRANA-Etapa 1<\/a><\/li>\n\t<li id=\"menu-item-2814\"><a href=\"https:\/\/crtecnica.com\/demoinstitucion\/seguimiento-de-alertas\/\">SEGUIMIENTO DE ALERTA- Etapa 2<\/a><\/li>\n\t<li id=\"menu-item-2818\"><a href=\"https:\/\/crtecnica.com\/demoinstitucion\/reportar-estatus\/\">REPORTAR ESTATUS DEL ESTUDIANTE-Etapa 3<\/a><\/li>\n<\/ul>\n<\/li>\n<\/ul>\t\t\t\t\t\t\n\t\t\t\t<img decoding=\"async\" src=\"https:\/\/crtecnica.com\/demoinstitucion\/wp-content\/uploads\/sites\/15\/2024\/07\/Herramientas-IA-2.webp\"\/>\n\t\t\t\t\t\t\t\t\t<ul id=\"menu-inteligencia-artificial\"><li id=\"menu-item-2912\"><a href=\"https:\/\/tutores360.com\/\">HERRAMIENTAS PARA PRIMARIA<\/a><\/li>\n<li id=\"menu-item-2972\"><a href=\"https:\/\/crtecnica.com\/herramientas\/\">HERRAMIENTAS PARA DOCENTES<\/a><\/li>\n<\/ul>\t\t\t\t\t\t\n\t\t\t\t<img decoding=\"async\" src=\"https:\/\/crtecnica.com\/demoinstitucion\/wp-content\/uploads\/sites\/15\/2024\/07\/administrativos-1.webp\"\/>\n\t\t\t\t\t\t\t\t\t<ul id=\"menu-administrativos\"><li id=\"menu-item-2851\"><a href=\"https:\/\/crtecnica.com\/demoinstitucion\/expediente-completo\/\">CONSULTAR: EXPEDIENTE ESTUDIANTIL<\/a><\/li>\n<li id=\"menu-item-2852\"><a href=\"https:\/\/crtecnica.com\/demoinstitucion\/consulta-de-expediente-estudiantil\/\">VER EXPEDIENTES B\u00c1SICOS ACTUALIZADOS<\/a><\/li>\n<li id=\"menu-item-2854\"><a href=\"https:\/\/crtecnica.com\/demoinstitucion\/matricula-por-estudiante-2\/\">CONSULTAR: MATRICULA GENERAL<\/a><\/li>\n<li id=\"menu-item-2856\"><a href=\"https:\/\/crtecnica.com\/demoinstitucion\/consultar-ausentismo\/\">CONSULTA: AUSENCIAS<\/a><\/li>\n<li id=\"menu-item-2858\"><a href=\"https:\/\/crtecnica.com\/demoinstitucion\/consulta-reportes-preventivos\/\">CONSULTA:REPORTES PREVENTIVOS<\/a><\/li>\n<li id=\"menu-item-4352\"><a href=\"https:\/\/crtecnica.com\/demoinstitucion\/administrativos-listado-unico\/\">LISTADO \u00daNICO DE ESTUDIANTES<\/a><\/li>\n<li id=\"menu-item-4367\" aria-haspopup=\"true\"><a href=\"#\">GR\u00c1FICOS<\/a>\n<ul>\n\t<li id=\"menu-item-4368\"><a href=\"https:\/\/crtecnica.com\/demoinstitucion\/graficos-de-alerta-temprana\/\">Gr\u00e1ficos de Alerta Temprana<\/a><\/li>\n\t<li id=\"menu-item-4387\"><a href=\"https:\/\/crtecnica.com\/demoinstitucion\/graficos-seguimientos-de-alerta\/\">Gr\u00e1ficos: Seguimientos de alerta<\/a><\/li>\n\t<li id=\"menu-item-4404\"><a href=\"https:\/\/crtecnica.com\/demoinstitucion\/graficos-de-estatus-reportados\/\">Gr\u00e1ficos de Estatus reportados<\/a><\/li>\n<\/ul>\n<\/li>\n<li id=\"menu-item-2859\" aria-haspopup=\"true\"><a href=\"#\">&#8212;&#8212;&#8212;UPRE\/EPI&#8212;&#8212;&#8212;-<\/a>\n<ul>\n\t<li id=\"menu-item-4144\"><a href=\"https:\/\/crtecnica.com\/demoinstitucion\/crear-alerta-temprana\/\">ALERTA TEMPRANA-Etapa 1<\/a><\/li>\n\t<li id=\"menu-item-4142\"><a href=\"https:\/\/crtecnica.com\/demoinstitucion\/seguimiento-de-alertas\/\">SEGUIMIENTO DE ALERTA-Etapa 2<\/a><\/li>\n\t<li id=\"menu-item-4143\"><a href=\"https:\/\/crtecnica.com\/demoinstitucion\/reportar-estatus\/\">REPORTAR ESTATUS-Etapa 3<\/a><\/li>\n\t<li id=\"menu-item-2860\"><a href=\"https:\/\/crtecnica.com\/demoinstitucion\/consultar-alertas-temprana\/\">CONSULTAR ALERTAS TEMPRANA<\/a><\/li>\n\t<li id=\"menu-item-2887\"><a href=\"https:\/\/crtecnica.com\/demoinstitucion\/historial-seguimiento-de-alertas\/\">CONSULTA: SEGUIMIENTOS DE ALERTA<\/a><\/li>\n\t<li id=\"menu-item-2886\"><a href=\"https:\/\/crtecnica.com\/demoinstitucion\/consultaestatus-de-riesgo\/\">CONSULTAR: ESTATUS DE RIESGO<\/a><\/li>\n\t<li id=\"menu-item-4277\"><a href=\"https:\/\/crtecnica.com\/demoinstitucion\/resumen-upre-epi\/\">RESUMEN UPRE\/EPI<\/a><\/li>\n<\/ul>\n<\/li>\n<li id=\"menu-item-2893\" aria-haspopup=\"true\"><a href=\"#\">&#8212;&#8212;&#8212;DATOS B\u00c1SICOS&#8212;&#8212;&#8212;-<\/a>\n<ul>\n\t<li id=\"menu-item-2900\"><a href=\"https:\/\/crtecnica.com\/demoinstitucion\/ingresar-expediente-estudiantil-2\/\">INGRESAR: DATOS B\u00c1SICOS DE ESTUDIANTE<\/a><\/li>\n\t<li id=\"menu-item-2897\"><a href=\"https:\/\/crtecnica.com\/demoinstitucion\/ingresar-docentes\/\">INGRESAR: DOCENTES<\/a><\/li>\n\t<li id=\"menu-item-2906\"><a href=\"https:\/\/crtecnica.com\/demoinstitucion\/anadir-rutas-de-transporte\/\">INGRESAR: RUTAS DE TRANSPORTE<\/a><\/li>\n\t<li id=\"menu-item-2899\"><a href=\"https:\/\/crtecnica.com\/demoinstitucion\/datos-institucionales\/\">INGRESAR: DATOS INSTITUCIONALES<\/a><\/li>\n<\/ul>\n<\/li>\n<\/ul>\t\t\t\t\t\t\n\tLas herramientas de este sitio est\u00e1n divididas entre usuarios docentes, estudiantes y personal administrativo. Los estudiantes pueden registrar su informaci\u00f3n y actualizar su expediente, completar formularios propios de sus cursos o requeridos por las coordinaciones.<br \/>\nEl personal docente puede registrar a sus estudiantes en sus grupos o cursos, reportar incidentes an\u00f3malos o at\u00edpicos a orientaci\u00f3n, reportar alerta temprana cuando hay estudiantes con peligros de deserci\u00f3n, revisar y crear sus listas por grupos. Tambi\u00e9n pueden reportar advertencias de asistencia para estudiantes que no han dado signos de querer desertar, pero cuyas ausencias pueden influir en su desempe\u00f1o educativo.<br \/>\nEstas herramientas tienen utilidad para el personal administrativo de instituciones como escuela o colegio, por lo que tienen funcionalidades para personal de la direcci\u00f3n, docentes, y padres de familia. El reporte preventivo procura darle una herramienta al docente para que deje constancia de situaciones con estudiantes, las cuales en un futuro pueden crear problemas legales para el funcionario. En vista de los cambios legales que se han dado, la mejor defensa para el docente, es dejar precedentes de las situaciones que luego podr\u00edan plantearse de forma adversa al funcionario. Estas herramientas permiten crear un expediente completo de cada estudiante, recopilando toda su informaci\u00f3n por a\u00f1o lectivo o per\u00edodo. Se registra en qu\u00e9 est\u00e1 matriculado, su historial de ausencias, si ha ocurrido alg\u00fan hecho que fuera reportado a Orientaci\u00f3n, o si ha recibido alguna alerta temprana. Permite registrar el ausentismo y crear informes del mismo.Los docentes utilizan una palabra clave para acceder a las p\u00e1ginas restringidas. El personal administrativo debe ingresar con su usuario y contrase\u00f1a, ya que tienen acceso a herramientas en modo edici\u00f3n, con facultad de editar y borrar registros.<br \/>\nTambi\u00e9n se puede reportar el ausentismo, de forma que el docente reporte aquellos estudiantes que dejan de asistir. Estas herramientas fueron creadas por Roberto Pineda Miranda, docente del Cindea de Tilar\u00e1n. Los docentes, para iniciar con el uso de estas herramientas, deben matricular a sus estudiantes en sus grupos o cursos utilizando las listas asignadas por la direcci\u00f3n. Deben buscar y agregar a sus estudiantes en sus grupos, de forma que los estudiantes est\u00e9n asociados a los m\u00f3dulos, cursos o grupos respectivos. Debe tenerse cuidado de indicar el semestre correcto, en el caso de plan modular. Tambi\u00e9n es de mucha importancia que los docentes promuevan que los estudiantes actualicen sus expedientes, ya que esto permite contar con m\u00e1s informaci\u00f3n que luego puede usarse para gestionar tr\u00e1mites administrativos, impresi\u00f3n de t\u00edtulos, etc. Una vez que el docente ha matriculado a sus estudiantes en sus respectivos cursos o grupos, estas listas filtradas aparecer\u00e1n disponibles cuando deban completar alg\u00fan reporte de situaci\u00f3n, alguna advertencia de ausentismo o gestionar las ausencias de sus estudiantes. El personal administrativo o de direcci\u00f3n debe completar informaci\u00f3n b\u00e1sica de la instituci\u00f3n, como grupos, docentes, correos, rutas de transporte, ya que esta informaci\u00f3n se cargar\u00e1 autom\u00e1ticamente en los formularios de uso estudiantil y docente.\n\t<div class='mwai-chatbot-container' data-params='{&quot;aiName&quot;:&quot;Bott:&quot;,&quot;userName&quot;:&quot;Visitante:&quot;,&quot;guestName&quot;:&quot;Guest:&quot;,&quot;textSend&quot;:&quot;Enviar&quot;,&quot;textClear&quot;:&quot;Limpiar&quot;,&quot;imageUpload&quot;:false,&quot;fileUpload&quot;:false,&quot;multiUpload&quot;:false,&quot;maxUploads&quot;:1,&quot;fileUploads&quot;:0,&quot;mode&quot;:&quot;chat&quot;,&quot;textInputPlaceholder&quot;:&quot;Escribe tu consulta&quot;,&quot;textInputMaxLength&quot;:300,&quot;textCompliance&quot;:&quot;&quot;,&quot;startSentence&quot;:&quot;En que te ayudo?&quot;,&quot;localMemory&quot;:false,&quot;themeId&quot;:&quot;messages&quot;,&quot;window&quot;:true,&quot;icon&quot;:&quot;https:\\\/\\\/crtecnica.com\\\/demoinstitucion\\\/wp-content\\\/uploads\\\/sites\\\/15\\\/2024\\\/04\\\/Robot-ayuda.png&quot;,&quot;iconText&quot;:&quot;Te ayudo?&quot;,&quot;iconTextDelay&quot;:1,&quot;iconAlt&quot;:&quot;AI Chatbot Avatar&quot;,&quot;iconPosition&quot;:&quot;bottom-right&quot;,&quot;centerOpen&quot;:false,&quot;width&quot;:&quot;&quot;,&quot;openDelay&quot;:&quot;&quot;,&quot;iconBubble&quot;:false,&quot;windowAnimation&quot;:&quot;zoom&quot;,&quot;fullscreen&quot;:false,&quot;copyButton&quot;:false,&quot;headerSubtitle&quot;:&quot;Discuss with&quot;,&quot;containerType&quot;:&quot;standard&quot;,&quot;headerType&quot;:&quot;standard&quot;,&quot;messagesType&quot;:&quot;standard&quot;,&quot;inputType&quot;:&quot;standard&quot;,&quot;footerType&quot;:&quot;standard&quot;}' data-system='{&quot;botId&quot;:&quot;default&quot;,&quot;customId&quot;:null,&quot;userData&quot;:null,&quot;sessionId&quot;:&quot;69e1550ae32e1&quot;,&quot;restNonce&quot;:null,&quot;contextId&quot;:31,&quot;pluginUrl&quot;:&quot;https:\\\/\\\/crtecnica.com\\\/demoinstitucion\\\/wp-content\\\/plugins\\\/ai-engine-pro\\\/&quot;,&quot;restUrl&quot;:&quot;https:\\\/\\\/crtecnica.com\\\/demoinstitucion\\\/wp-json&quot;,&quot;stream&quot;:false,&quot;debugMode&quot;:false,&quot;eventLogs&quot;:false,&quot;speech_recognition&quot;:false,&quot;speech_synthesis&quot;:false,&quot;typewriter&quot;:false,&quot;crossSite&quot;:false,&quot;actions&quot;:[],&quot;blocks&quot;:[],&quot;shortcuts&quot;:[]}' data-theme='{&quot;type&quot;:&quot;internal&quot;,&quot;name&quot;:&quot;Messages&quot;,&quot;themeId&quot;:&quot;messages&quot;,&quot;settings&quot;:{&quot;iconTextBackgroundColor&quot;:&quot;#77ff00&quot;,&quot;fontColor&quot;:&quot;#000000&quot;,&quot;backgroundPrimaryColor&quot;:&quot;#d5ffde&quot;,&quot;backgroundUserColor&quot;:&quot;#8318e1&quot;,&quot;backgroundAiColor&quot;:&quot;#72f6ff&quot;,&quot;iconTextColor&quot;:&quot;#180000&quot;,&quot;headerButtonsColor&quot;:&quot;#250000&quot;,&quot;backgroundAiSecondaryColor&quot;:&quot;#744bff&quot;,&quot;maxHeight&quot;:&quot;50vh&quot;},&quot;style&quot;:&quot;&quot;,&quot;cssUrl&quot;:&quot;https:\\\/\\\/crtecnica.com\\\/demoinstitucion\\\/wp-content\\\/plugins\\\/ai-engine-pro\\\/themes\\\/messages.css&quot;}'><\/div>\n\n","protected":false},"excerpt":{"rendered":"<p>SE HAN ELIMINADO EN ESTE DEMO, TODAS LAS RESTRICCIONES DE USUARIOS Y CONTRASE\u00d1AS Inicio ACTUALIZAR: EXPEDIENTE ESTUDIANTIL Padres: Consultar Alertas Padres: Consultar ausentismo INCLUIR ESTUDIANTES EN GRUPOS REPORTAR AUSENCIAS CONSULTA DE LISTAS REPORTE PREVENTIVO (INCIDENTE) CONSULTA:EXPEDIENTES ACTUALIZADOS LISTAS DE GRUPOS CONSULTAR AUSENCIAS &#8212;&#8211;UPRE\/EPI&#8212;&#8211; CREAR: ALERTA TEMPRANA-Etapa 1 SEGUIMIENTO DE ALERTA- Etapa 2 REPORTAR ESTATUS DEL &#8230; <a title=\"Inicio\" class=\"read-more\" href=\"https:\/\/crtecnica.com\/demoinstitucion\/\" aria-label=\"Leer m\u00e1s sobre Inicio\">Leer m\u00e1s<\/a><\/p>\n","protected":false},"author":2,"featured_media":0,"parent":0,"menu_order":0,"comment_status":"closed","ping_status":"closed","template":"","meta":{"footnotes":""},"class_list":["post-31","page","type-page","status-publish"],"_links":{"self":[{"href":"https:\/\/crtecnica.com\/demoinstitucion\/wp-json\/wp\/v2\/pages\/31","targetHints":{"allow":["GET"]}}],"collection":[{"href":"https:\/\/crtecnica.com\/demoinstitucion\/wp-json\/wp\/v2\/pages"}],"about":[{"href":"https:\/\/crtecnica.com\/demoinstitucion\/wp-json\/wp\/v2\/types\/page"}],"author":[{"embeddable":true,"href":"https:\/\/crtecnica.com\/demoinstitucion\/wp-json\/wp\/v2\/users\/2"}],"replies":[{"embeddable":true,"href":"https:\/\/crtecnica.com\/demoinstitucion\/wp-json\/wp\/v2\/comments?post=31"}],"version-history":[{"count":55,"href":"https:\/\/crtecnica.com\/demoinstitucion\/wp-json\/wp\/v2\/pages\/31\/revisions"}],"predecessor-version":[{"id":4913,"href":"https:\/\/crtecnica.com\/demoinstitucion\/wp-json\/wp\/v2\/pages\/31\/revisions\/4913"}],"wp:attachment":[{"href":"https:\/\/crtecnica.com\/demoinstitucion\/wp-json\/wp\/v2\/media?parent=31"}],"curies":[{"name":"wp","href":"https:\/\/api.w.org\/{rel}","templated":true}]}}